e greatest common factor of 26 and d?
26
Let l be (-4)/1*(-4 - 14/(-4)). Suppose -w + 6 = -4*w, -l*u = 2*w - 326. Calculate the greatest common divisor of u and 33.
33
Let j be -1 + 51/(-3)*-1. Let f be (-3)/(j/(-4) - -3). Suppose 4*m = f*m - 5*q + 11, 4*m + 4*q = 92. Calculate the highest common factor of 65 and m.
13
Let d(k) = 13*k**2. Let g(z) = 45*z**2. Let h(i) = -18*d(i) + 5*g(i). Let x be h(1). Let l be 2 - x*(-6)/(-9). Calculate the highest common factor of l and 64.
8
Let x = 126 + -33. What is the highest common factor of x and 62?
31
Suppose 6*b - 4*b + 12 = 0. Let m(y) = y**3 + 7*y**2 + 3*y + 2. Let w be m(b). Suppose w = o + 3*o. Calculate the highest common divisor of o and 35.
5
Let d = -242 - -272. What is the greatest common divisor of 570 and d?
30
Let r(q) = -q**3 - 12*q**2 - 19*q + 10. Let j be r(-10). Suppose -7*v + j*v = -105. Calculate the greatest common divisor of 60 and v.
15
Let a(g) = -g + 14. Let h be a(-6). Let m = 28 - h. What is the highest common factor of 4 and m?
4
Let j be (-34)/6 - (-2)/3. Let k(b) = -4 - b**3 - 30*b**2 - 34*b**2 - 1 + 3*b + 61*b**2. Let m be k(j). What is the greatest common divisor of m and 75?
15
Let c be ((-15)/6 - -2) + 88/16. Suppose c*g = g - 4*w + 48, -2*g - 3*w + 24 = 0. Calculate the greatest common divisor of g and 78.
6
Let t(l) be the third derivative of -l**6/120 - l**5/5 + 7*l**4/24 - 4*l**3/3 + 16*l**2. Let d be t(-13). Calculate the highest common factor of 35 and d.
35
Let j(y) = -y**3 + 22*y**2 - 10*y + 22. Let s be j(10). Calculate the highest common factor of 44 and s.
22
Suppose 6*n = 8*n. Suppose 3*m - 7*m + 216 = n. What is the highest common factor of 81 and m?
27
Let v = 107 + -106. Let y = 17 + -12. What is the greatest common divisor of v and y?
1
Let h be 477 - (3/12 + 78/(-24)). Let a be (15/(-2))/((-40)/h). Suppose -2*m + 5 = 3*b, -3*m - 7 = -2*b - 47. Calculate the greatest common divisor of m and a.
10
Suppose -3*p + 9 = 18, -4*p = -u + 26. Calculate the highest common divisor of u and 2212.
14
Suppose -3*n = 2*n - 85. Let d = -4654 + 4773. Calculate the highest common divisor of n and d.
17
Suppose 0 = -3*f + b + 123, 3*f = -6*b + 3*b + 135. Let n = 2 + 12. What is the greatest common factor of f and n?
14
Suppose 28 = n - 2. Suppose 90 + 39 = 3*b. Let i = b - n. Calculate the greatest common factor of i and 52.
13
Suppose 2*f - 88 = 4*x, -8*f + 4*x = -4*f - 168. What is the highest common factor of f and 32?
8
Let k be (-134)/10 + (-4)/(-10). Let v = k - -24. Let x(c) = c**3 - 17*c**2 + 4*c - 57. Let t be x(17). What is the greatest common divisor of t and v?
11
Let d be (-3)/2*(140/(-21) + 0). What is the highest common factor of d and 310?
10
Let i be (((-180)/(-50))/(-2))/((-9)/195). What is the highest common divisor of 468 and i?
39
Let c(q) = 15*q - 96. Let o be c(8). Calculate the highest common divisor of o and 56.
8
Suppose -77 = -5*u + 343. Calculate the highest common factor of 56 and u.
28
Let i(u) = u**3 + 12*u**2 + 11*u + 4. Let v be i(-11). Suppose -5*h + 26 = -v. Calculate the highest common divisor of h and 42.
6
Let i = -271 + 310. Calculate the greatest common factor of i and 26.
13
Suppose 2*g + 2*p - 21 = -p, g + 4*p = 18. Let y(i) = i + 8. Let u be y(-6). Suppose 0 = u*c - 12. Calculate the greatest common factor of g and c.
6
Suppose 4*t - 5*a - 599 = 0, 3*a = -0*a - 9. Let i = t + -124. What is the highest common factor of i and 77?
11
Let m be 786*(40/12 + -3). Let g = -93 + m. Suppose 3*c = -c + 16, -3*b - c + g = 0. Calculate the highest common factor of b and 22.
11
Let p(y) = y**2 - 5*y + 16. Let z be p(12). Let c be ((0 - -42) + -2)/(0 - -1). What is the greatest common divisor of z and c?
20
Let c = 583 - 353. Calculate the greatest common factor of c and 50.
10
Suppose -14*a - 315 = -791. What is the highest common divisor of 17 and a?
17
Let v be 0 + -11 + -49 + 237. Calculate the greatest common factor of v and 236.
59
Suppose 3*y + y = 44. Suppose -2*l - y + 31 = 0. Let r be (-4)/(-8)*-2 - 142/(-2). What is the greatest common divisor of l and r?
10
Suppose 0*k - 15 = -3*k. Let u = -87 + 83. Let r be (-3)/u + 102/24. Calculate the greatest common factor of k and r.
5
Let t be ((-6)/(-4))/(3/(-8)). Let g(d) = -9*d - 22. Let z be g(t). What is the greatest common divisor of z and 2?
2
Suppose -28*r + 23*r + 5 = 0, -4*j + 69 = -3*r. Let c be (-2)/((-4)/(-6) - 0). Let a be c + 46 + (1 - -1). What is the highest common divisor of a and j?
9
Let j be 4 + 5/15*822 + 2. Calculate the greatest common factor of 35 and j.
35
Let k be 2 + -1 - (-2 - -51)/(-7). Suppose 13*l = k*l + 160. Calculate the highest common divisor of l and 4.
4
Suppose -2*u = -4, -5*v + 10*v - 158 = -4*u. Let y(n) = n**2 - 5*n. Let t be y(6). What is the highest common factor of t and v?
6
Let c(l) = -l**3 + 8*l**2 - 3*l - 7. Let b be c(8). Let g = b - -27. Let q = 8 - g. What is the greatest common factor of 6 and q?
6
Suppose -b + 4*b - 3*y - 12 = 0, 4*y = -5*b - 7. Let t be (-9)/(0 - b) - 1. Suppose -5*z - 225 = -t*z. What is the greatest common divisor of z and 15?
15
Let w be (0 + -2)*51/(-6). Let h(j) = -j**2 + 29*j + 67. Let i be h(24). Calculate the greatest common factor of w and i.
17
Let a = -7 - -9. Suppose -2 = -p + a. Let j be (-5)/(75/(-190)) + 4/(-6). What is the greatest common divisor of j and p?
4
Let g = -220 + 295. Calculate the highest common divisor of 3 and g.
3
Suppose -l - l + 2*m + 688 = 0, -3*l - 3*m = -1038. What is the greatest common factor of 138 and l?
69
Suppose 427 = 3*h - 248. Let o = h + -105. Suppose 2*k - 20 = 10. What is the highest common divisor of o and k?
15
Suppose 0 = -4*o - o + 215. Suppose -38*y + o*y = 285. What is the highest common divisor of y and 57?
57
Suppose -29 - 4 = -3*y. Let r = 7 - 4. Suppose r*g + 2 = l, -5*g - 4 = 3*l - 24. What is the greatest common divisor of y and g?
1
Suppose 4*d - 61 = -9. Let h(j) = -j**3 - 47*j**2 - 95*j - 95. Let i be h(-45). What is the greatest common factor of i and d?
13
Let f = -14 - -22. Let v = -13 + f. Let q be -1*v/((-10)/(-24)). What is the highest common factor of q and 6?
6
Let c(q) = -q**2 - 10*q - 6. Let m be c(-8). Let g(u) = 2*u**3 - 32*u**2 + 73*u - 8. Let b be g(14). Calculate the highest common divisor of b and m.
10
Let d(c) = -c - 23. Let o be d(-7). Let l = -12 - o. What is the highest common divisor of 40 and l?
4
Let o = 49 - -51. Let v = o - 67. Suppose -3*c + 87 = -v. Calculate the greatest common divisor of c and 8.
8
Suppose q - 105 = -4*q. What is the greatest common factor of q and 63?
21
Suppose 0 = -4*v + 8, -2*p - 5*v + 318 = 2*p. Let s = p + -49. Let i = s + -14. Calculate the greatest common factor of i and 21.
7
Let d(i) = -18*i**2 + 220*i + 10. Let l be d(12). Let t = 99 - -75. Calculate the highest common factor of t and l.
58
Let v(g) = -32*g + 56. Let a be v(-2). What is the highest common factor of 168 and a?
24
Let t be 1/(-2) - (-87)/6. Suppose 0*q - q + t = 0. Calculate the greatest common divisor of q and 98.
14
Suppose -7*f + 190 + 1406 = 0. What is the greatest common factor of f and 380?
76
Suppose -592 = -12*h - 112. Suppose -4*r - 335 = -1455. What is the greatest common divisor of r and h?
40
Let d(g) = -g**2 - 62*g + 13. Let p be d(-11). Calculate the greatest common factor of p and 28.
14
Let a(l) = -3 + 2 - 4*l**2 - 2*l**3 - 40*l + 0 + 42*l. Let w be a(-4). Calculate the greatest common divisor of w and 11.
11
Suppose 0 = 2*u + 5*z - 227, z + 635 = 4*u + u. Suppose -3*y = 2*y - 70. What is the highest common divisor of y and u?
14
Let j = 15 + 5. Let b be 0/3 - 0 - -7. Suppose b - 31 = -3*f. Calculate the greatest common divisor of f and j.
4
Suppose 0 = b + b + 2. Let a be -3 + 400/12 + b/3. Let k be 9*1/6*4. What is the highest common factor of a and k?
6
Let o be 16 - (0/(-2))/(28/(-14)). Calculate the highest common factor of 16 and o.
16
Let c = 17 + -13. Suppose -c*i + 16 = 3*t, -t - 6 = -i + 5. Let q(v) = v + 13. Let s be q(-6). Calculate the highest common factor of s and i.
7
Let j be (-4 - -1) + 2 + 81. Suppose -3600 = -43*r - 17*r. What is the highest common factor of r and j?
20
Suppose 0 = 8*w - 557 - 883. Calculate the greatest common divisor of 108 and w.
36
Let y be -4 + (-51)/(-9) + 21862/102. Wha